835.
347
What is the greatest common divisor of 46 and 27002?
46
Calculate the greatest common factor of 264 and 1237192.
88
What is the greatest common factor of 3950 and 225?
25
Calculate the greatest common divisor of 1365 and 84.
21
What is the greatest common divisor of 130155 and 60?
15
What is the greatest common divisor of 16 and 171852?
4
What is the highest common factor of 619517 and 106?
53
Calculate the greatest common factor of 28 and 4192.
4
Calculate the highest common divisor of 8711 and 589.
31
What is the highest common divisor of 24 and 1952?
8
Calculate the greatest common divisor of 660 and 352605.
165
What is the greatest common divisor of 2106 and 727623?
1053
What is the highest common divisor of 203 and 343?
7
Calculate the greatest common divisor of 13538341 and 17.
17
What is the highest common factor of 47012 and 1127?
161
What is the highest common divisor of 359996 and 2967?
989
What is the highest common divisor of 1722 and 22427?
41
Calculate the highest common factor of 3348 and 2147742.
1674
What is the highest common divisor of 236 and 68?
4
What is the greatest common factor of 1647 and 53?
1
What is the highest common factor of 704 and 22176?
352
Calculate the highest common factor of 236080 and 299.
13
Calculate the greatest common factor of 2577 and 6.
3
Calculate the highest common factor of 4100 and 135.
5
What is the highest common factor of 54 and 5142?
6
What is the greatest common divisor of 21080 and 809720?
1240
Calculate the highest common factor of 5238 and 2538.
54
What is the greatest common factor of 40 and 64140?
20
Calculate the highest common factor of 114328 and 3968.
248
What is the greatest common divisor of 6655 and 98615?
605
Calculate the greatest common factor of 577225 and 35.
5
What is the highest common divisor of 429 and 897?
39
What is the greatest common factor of 5 and 49165?
5
What is the highest common factor of 55785 and 15?
15
What is the highest common factor of 1485 and 910305?
1485
What is the highest common divisor of 378871 and 122?
61
Calculate the greatest common factor of 265682 and 284.
142
What is the highest common divisor of 7365 and 39?
3
Calculate the greatest common factor of 1484 and 67151.
371
What is the highest common divisor of 1462946 and 344?
86
Calculate the highest common divisor of 170631 and 6.
3
Calculate the highest common divisor of 318450 and 750.
150
Calculate the highest common factor of 24 and 4956.
12
Calculate the highest common factor of 60 and 114960.
60
What is the greatest common divisor of 64 and 543984?
16
Calculate the highest common factor of 2576 and 4669.
161
What is the highest common divisor of 2 and 498226?
2
Calculate the highest common divisor of 176 and 167904.
176
What is the greatest common factor of 438 and 155198?
146
Calculate the greatest common factor of 27 and 22383.
27
Calculate the greatest common factor of 1162 and 1106.
14
Calculate the highest common divisor of 9521 and 4.
1
Calculate the greatest common factor of 1265 and 4829.
11
What is the greatest common divisor of 119 and 96679?
17
Calculate the highest common factor of 1663 and 1.
1
Calculate the highest common divisor of 29727 and 14313.
1101
What is the greatest common factor of 38 and 13606?
2
Calculate the highest common divisor of 154 and 4942.
14
What is the greatest common divisor of 2104 and 90735?
263
Calculate the highest common factor of 1403352 and 40.
8
What is the greatest common divisor of 34 and 5510601?
17
Calculate the greatest common divisor of 1960 and 12250.
490
Calculate the highest common factor of 581 and 857224.
83
What is the greatest common factor of 1594 and 3622?
2
What is the highest common factor of 847 and 11055?
11
Calculate the greatest common factor of 1275 and 18280950.
1275
What is the highest common factor of 9 and 87477?
3
Calculate the greatest common factor of 1790 and 140.
10
What is the greatest common factor of 381 and 420?
3
What is the highest common divisor of 724780 and 70?
70
What is the highest common factor of 5985 and 19395?
45
Calculate the highest common divisor of 4 and 21316.
4
What is the highest common factor of 1368 and 57798?
342
Calculate the greatest common divisor of 518 and 813778.
518
What is the greatest common divisor of 4427 and 6023?
19
Calculate the highest common factor of 55142 and 17222.
158
Calculate the highest common divisor of 281537 and 17.
17
Calculate the highest common factor of 593384 and 968.
968
Calculate the greatest common divisor of 3263 and 1757.
251
What is the greatest common factor of 92 and 1834204?
92
What is the greatest common divisor of 1575 and 356370?
105
Calculate the highest common divisor of 30420 and 45.
45
Calculate the highest common factor of 145 and 18080485.
145
What is the greatest common factor of 8671 and 883246?
299
Calculate the greatest common divisor of 61855 and 30705.
445
Calculate the greatest common divisor of 2835 and 766395.
945
What is the greatest common divisor of 30200 and 41374?
302
Calculate the greatest common factor of 315 and 3015.
45
Calculate the highest common divisor of 9045 and 10395.
135
What is the greatest common factor of 1 and 258921?
1
What is the highest common divisor of 2249 and 28262?
13
What is the highest common factor of 3116 and 139441?
779
What is the greatest common divisor of 29309 and 21014?
553
Calculate the greatest common factor of 839985 and 116.
29
What is the highest common factor of 480 and 5640?
120
What is the greatest common factor of 150975 and 1575?
225
What is the greatest common divisor of 7 and 30758?
7
Calculate the greatest common divisor of 9808 and 16.
16
Calculate the highest common factor of 824 and 68.
4
What is the highest common divisor of 4592 and 2212?
28
What is the highest common divisor of 625 and 294650?
25
What is the highest common factor of 35063 and 35?
7
What is the greatest common divisor of 24 and 6662868?
12
What is the greatest common divisor of 52845 and 29539?
271
What is the highest common factor of 51 and 112897?
17
What is the highest common factor of 246 and 474083?
41
Calculate the greatest common divisor of 14432 and 1893298.
902
Calculate the greatest common divisor of 19 and 4237.
19
What is the highest common factor of 10224446 and 68?
34
Calculate the greatest common divisor of 1547 and 1891981.
1547
Calculate the greatest common divisor of 204966 and 45666.
1062
What is the greatest common factor of 105 and 2709?
21
What is the greatest common factor of 24 and 97728?
24
Calculate the highest common factor of 162450 and 5035.
95
What is the highest common divisor of 9826 and 1734?
578
What is the highest common factor of 162449 and 161?
161
Calculate the greatest common divisor of 59745 and 3255.
105
What is the greatest common divisor of 636 and 353?
1
What is the greatest common divisor of 111836 and 14308?
292
What is the greatest common divisor of 13200 and 15825?
75
Calculate the greatest common divisor of 340 and 64940.
340
What is the greatest common factor of 33 and 4757181?
33
What is the highest common factor of 544 and 2260592?
272
Calculate the highest common factor of 77 and 215523.
77
Calculate the highest common divisor of 154 and 376796.
14
Calculate the highest common factor of 747970 and 40.
10
What is the highest common factor of 1987069 and 434?
217
What is the highest common factor of 58 and 37207?
29
What is the highest common divisor of 10031346 and 234?
234
Calculate the greatest common factor of 20 and 7495.
5
What is the greatest common factor of 219401 and 56?
7
Calculate the greatest common divisor of 540 and 6960.
60
What is the greatest common factor of 949908 and 12?
12
What is the highest common divisor of 2312 and 15028?
1156
Calculate the highest common divisor of 1090 and 820.
10
What is the greatest common divisor of 22 and 12661?
11
What is the greatest common divisor of 140 and 59724?
28
Calculate the highest common divisor of 204178 and 14.
2
Calculate the highest common divisor of 708378 and 66.
66
Calculate the greatest common factor of 22574 and 6.
2
What is the highest common divisor of 26 and 344370?
26
What is the greatest common factor of 341011 and 1914?
319
What is the highest common divisor of 29361